{"id":9604,"date":"2023-11-01T22:48:56","date_gmt":"2023-11-01T21:48:56","guid":{"rendered":"https:\/\/labrako.hr\/home\/?page_id=9604"},"modified":"2023-11-02T08:25:45","modified_gmt":"2023-11-02T07:25:45","slug":"ribarnica","status":"publish","type":"page","link":"https:\/\/labrako.hr\/home\/ribarnica\/","title":{"rendered":"Ribarnica"},"content":{"rendered":"<div class=\"wpb-content-wrapper\"><p>[vc_row][vc_column][vc_empty_space][\/vc_column][\/vc_row][vc_row row_content_width=&#8221;grid&#8221;][vc_column width=&#8221;2\/3&#8243;][vc_column_text]<\/p>\n<h3>Ribarnica LUXMARE<\/h3>\n<p>Otvorena je <a href=\"https:\/\/luxmare.hr\/ribarnica\/\" target=\"_blank\" rel=\"noopener\">LUXMARE ribarnica<\/a> na zagreba\u010dkom Vrbiku, na adresi Vrbik 20. Nudimo Vam svakodnevnu \u0161iroku ponudu svje\u017ee ribe, velika ponuda jadranske ribe i plodova mora koja sti\u017ee direktno od na\u0161ih ribara.<\/p>\n<p>Otvoreni smo za Vas od utorka do subote, do\u0111ite i uvjerite se u bogatu ponudu![\/vc_column_text][vc_empty_space][vc_column_text]<\/p>\n<h3>Gdje se nalazimo?<\/h3>\n<p>Na tra\u017eenje mnogih na\u0161ih vjernih kupaca otvorena je prva na\u0161a prodavaonica. LUXMARE ribarnica nalazi se na zagreba\u010dkom Vrbiku na adresi Vrbik 20. Ribarnica je otvorena od utorka do subote i nudi Vam bogatu ponudu svje\u017ee ribe.<\/p>\n<p>Jadransku ribu nabavljamo direktno od ribara. Svakodnevno su u ponudi plava riba, bijela riba i plodovi mora. Iz \u0161iroke ponude izdvajamo oradu, brancina, cipla, \u0161karpuna, hobotnicu, lignje, \u0161kampe, srdelu, sku\u0161u, palamidu, trlju i mnoge druge vrste ribe i plodova mora.<\/p>\n<p>Tako\u0111er, u ponudi su svakodnevno najbolji proizvodi ribarstva iz najboljih svjetskih ribolovnih podru\u010dja, pomno probrani za Vas. Tako u ponudi mo\u017eete prona\u0107i divlji losos, tunu sashimi grade, ali i veliki izbor ostalih plodova mora.<\/p>\n<p>Na\u0161a djelatnica \u0107e za Vas ribu besplatno o\u010distiti, kako bi se mogli posvetiti isklju\u010divo kuhanju ribe i plodova mora.[\/vc_column_text][vc_empty_space][vc_column_text]<\/p>\n<h3><strong>\u0160iroka ponuda svje\u017ee ribe<\/strong><\/h3>\n<p>U LUXMARE ribarnici na\u0161im sugra\u0111anima donosimo najsvje\u017eiju i najkvalitetniju ribu i plodove mora iz Jadrana, ali i cijelog svijeta!<\/p>\n<p>Ponosni smo \u0161to nudimo veliki izbor prirodno uzgojene, odr\u017eivo ulovljene ili uzgojene svje\u017ee ribe i plodova mora. Na\u0161a posada odr\u017eava rigoroznu kontrolu kvalitete s pedantnom praksom rukovanja i svakodnevnim isporukama od na\u0161ih dobavlja\u010da kako bismo osigurali da dobijete najbolje proizvode koji zadovoljavaju na\u0161e najvi\u0161e standarde svje\u017eine i okusa.[\/vc_column_text][vc_empty_space][vc_column_text]<\/p>\n<h3><strong>Prva online ribarnica LUXMARE.hr<\/strong><\/h3>\n<p>LuxMare vam \u010dini dostupnim na klik gumba najkvalitetnije ribe, rakove, \u0161koljke i ostale morske plodove, ve\u0107 o\u010di\u0161\u0107ene i pripremljene za pripremu.<br \/>\nTako svojim najmilijima jednostavno mo\u017eete poslu\u017eiti na tanjuru najbolje namirnice iz mora.<\/p>\n<p>Na\u0161 prijevoz u neprekidnom lancu garantira kvalitetu proizvoda sve do mjesta dostave.[\/vc_column_text][vc_empty_space][\/vc_column][vc_column width=&#8221;1\/3&#8243;][vc_empty_space][vc_single_image image=&#8221;9614&#8243; img_size=&#8221;801&#215;600&#8243; alignment=&#8221;center&#8221;][vc_empty_space height=&#8221;50px&#8221;][vc_single_image image=&#8221;9615&#8243; img_size=&#8221;945&#215;721&#8243;][vc_empty_space height=&#8221;50px&#8221;][vc_single_image image=&#8221;9616&#8243; img_size=&#8221;801&#215;600&#8243;][vc_empty_space height=&#8221;50px&#8221;][\/vc_column][\/vc_row]<\/p>\n<\/div>","protected":false},"excerpt":{"rendered":"<p>[vc_row][vc_column][vc_empty_space][\/vc_column][\/vc_row][vc_row row_content_width=&#8221;grid&#8221;][vc_column width=&#8221;2\/3&#8243;][vc_column_text] Ribarnica LUXMARE Otvorena je LUXMARE ribarnica na zagreba\u010dkom Vrbiku, na adresi Vrbik 20. Nudimo Vam svakodnevnu \u0161iroku ponudu svje\u017ee ribe, velika ponuda jadranske ribe i plodova mora koja sti\u017ee direktno od na\u0161ih ribara. Otvoreni smo za Vas od utorka do subote, do\u0111ite i uvjerite se u bogatu ponudu![\/vc_column_text][vc_empty_space][vc_column_text] Gdje se nalazimo? Na tra\u017eenje mnogih na\u0161ih vjernih kupaca otvorena je prva na\u0161a prodavaonica. LUXMARE ribarnica nalazi se na zagreba\u010dkom Vrbiku na adresi Vrbik 20. Ribarnica je otvorena od utorka do subote i nudi Vam bogatu ponudu svje\u017ee ribe. Jadransku ribu nabavljamo direktno od ribara. Svakodnevno su u ponudi plava riba, bijela riba i plodovi mora. Iz \u0161iroke ponude izdvajamo oradu, brancina, cipla, \u0161karpuna, hobotnicu, lignje, \u0161kampe, srdelu, sku\u0161u, palamidu, trlju i mnoge druge vrste ribe i plodova mora. Tako\u0111er, u ponudi su svakodnevno najbolji proizvodi ribarstva iz najboljih svjetskih ribolovnih podru\u010dja, pomno probrani za Vas. Tako u ponudi<\/p>\n","protected":false},"author":1,"featured_media":0,"parent":0,"menu_order":0,"comment_status":"closed","ping_status":"closed","template":"","meta":[],"_links":{"self":[{"href":"https:\/\/labrako.hr\/home\/wp-json\/wp\/v2\/pages\/9604"}],"collection":[{"href":"https:\/\/labrako.hr\/home\/wp-json\/wp\/v2\/pages"}],"about":[{"href":"https:\/\/labrako.hr\/home\/wp-json\/wp\/v2\/types\/page"}],"author":[{"embeddable":true,"href":"https:\/\/labrako.hr\/home\/wp-json\/wp\/v2\/users\/1"}],"replies":[{"embeddable":true,"href":"https:\/\/labrako.hr\/home\/wp-json\/wp\/v2\/comments?post=9604"}],"version-history":[{"count":4,"href":"https:\/\/labrako.hr\/home\/wp-json\/wp\/v2\/pages\/9604\/revisions"}],"predecessor-version":[{"id":9630,"href":"https:\/\/labrako.hr\/home\/wp-json\/wp\/v2\/pages\/9604\/revisions\/9630"}],"wp:attachment":[{"href":"https:\/\/labrako.hr\/home\/wp-json\/wp\/v2\/media?parent=9604"}],"curies":[{"name":"wp","href":"https:\/\/api.w.org\/{rel}","templated":true}]}}