{"id":9081,"date":"2020-01-13T23:17:33","date_gmt":"2020-01-13T22:17:33","guid":{"rendered":"http:\/\/labrako.hr\/home\/?page_id=9081"},"modified":"2023-10-25T21:00:52","modified_gmt":"2023-10-25T19:00:52","slug":"politika-privatnosti","status":"publish","type":"page","link":"https:\/\/labrako.hr\/home\/politika-privatnosti\/","title":{"rendered":"Politika privatnosti"},"content":{"rendered":"\r\n<p><strong>Za\u0161tita podataka (politika privatnosti)<\/strong><\/p>\r\n\r\n\r\n\r\n<p>Slanjem upita, potpisom ugovora ili neposrednim kontaktom, klijent je suglasan da tvrtki Labrako d.o.o. dobrovoljno stavlja na raspolaganje svoje i podatke trgova\u010dkog dru\u0161tva koje predstavlja ili zastupa. Klijent dozvoljava da se isti koriste u cilju za\u0161tite osobnih interesa u svim poslovima koje ugovara s Labrako d.o.o..\u00a0<br \/>Labrako d.o.o. obavezuje se pru\u017eati za\u0161titu osobnim podacima kupaca, na na\u010din da prikuplja samo nu\u017ene, osnovne podatke o kupcima\/korisnicima koji su nu\u017eni za ispunjenje na\u0161ih obveza; informira kupce o na\u010dinu kori\u0161tenja prikupljenih podataka, redovito daje kupcima mogu\u0107nost izbora o upotrebi njihovih podataka, uklju\u010duju\u0107i mogu\u0107nost odluke \u017eele li ili ne da se njihovo ime ukloni s lista koje se koriste za marketin\u0161ke kampanje. Svi se podaci o korisnicima strogo \u010duvaju i dostupni su samo djelatnicima kojima su ti podaci nu\u017eni za obavljanje posla. Svi djelatnici tvrtke Labrako d.o.o. i poslovni partneri odgovorni su za po\u0161tivanje na\u010dela za\u0161tite privatnosti.\u00a0<\/p>\r\n\r\n\r\n\r\n<p>Skupljanje i obrada osobnih podataka uklju\u010duje i proslje\u0111ivanje osobnih podataka klijenta tre\u0107im osobama i trgova\u010dkim dru\u0161tvima u Republici Hrvatskoj i inozemstvu. Tre\u0107im osobama smatraju se sve fizi\u010dke osobe i trgova\u010dka dru\u0161tva koje su neophodne za realizaciju ugovorenih poslova.\u00a0<br \/>Klijent je suglasan da Labrako d.o.o., u skladu s gore navedenim uvjetima, koristi osobne i\/ili podatke trgova\u010dkog dru\u0161tva i nakon isteka potpisanog ugovora.\u00a0<br \/>Za posjetitelje labrako.hr: Na web stranicama labrako.hr u svrhu uvida u statistiku posje\u0107enosti koristi se Google Analytics. Google Analytics omogu\u0107ava uvid u posje\u0107enost iz izvora kao \u0161to su pay-per-click mre\u017ee, e-mail marketing, display ogla\u0161avanje, web tra\u017eilice&#8230;\u00a0<\/p>\r\n\r\n\r\n\r\n<p><strong>Politika kola\u010di\u0107a (politika privatnosti)<\/strong><\/p>\r\n\r\n\r\n\r\n<p>Kako bi ova web stranica radila pravilno, kako bismo bili u stanju vr\u0161iti daljnja unaprje\u0111enja stranice, u svrhu pobolj\u0161avanja va\u0161ega iskustva pregledavanja, ova stranica mora na va\u0161e ra\u010dunalo spremiti malenu koli\u010dinu informacija ( Cookies ) . Preko 90 % svih web stranica koristi ovu praksu no prema regulacijama Europske unije od 25.03.2011. obvezni smo prije spremanja Cookie-a zatra\u017eiti va\u0161 pristanak. Kori\u0161tenjem web stranice pristajete na uporabu Cookie-a. Blokiranjem cookie i dalje mo\u017eete pregledavati stranicu, no neke njezine mogu\u0107nosti Vam ne\u0107e biti dostupne.<\/p>\r\n\r\n\r\n\r\n<p><strong>\u0160to je kola\u010di\u0107?\u00a0<\/strong><br \/>Kola\u010di\u0107 je informacija spremljena na Va\u0161e ra\u010dunalo od strane web stranice koju posjetite. Kola\u010di\u0107i obi\u010dno spremaju Va\u0161e postavke, postavke za web stranicu, kao \u0161to su preferirani jezik ili adresa. Kasnije, kada opet otvorite istu web stranicu internet preglednik \u0161alje natrag kola\u010di\u0107e koji pripadaju toj stranici. Ovo omogu\u0107ava stranici da prika\u017ee informacije prilago\u0111ene Va\u0161im potrebama.<\/p>\r\n\r\n\r\n\r\n<p>Kola\u010di\u0107i mogu spremati \u0161irok pojas informacija uklju\u010duju\u0107i osobne informacije (kao \u0161to je Va\u0161e ime ili e-mail adresa). Ipak, ova informacija mo\u017ee biti spremljena jedino ako Vi to omogu\u0107ite &#8211; web stranice ne mogu dobiti pristup informacijama koji im Vi niste dali i ne mogu pristupiti drugim datotekama na Va\u0161em ra\u010dunalu. Zadane aktivnosti spremanja i slanja kola\u010di\u0107a Vama nisu vidljive. Ipak, mo\u017eete promjeniti Va\u0161e postavke internet preglednika da mo\u017eete sami birati ho\u0107ete li zahtjeve za spremanje kola\u010di\u0107a odobriti ili odbiti, pobri\u0161ete spremljene kola\u010di\u0107e automatski pri zatvaranju internet preglednika i sli\u010dno.<\/p>\r\n\r\n\r\n\r\n<p><strong>Kako onemogu\u0107iti kola\u010di\u0107e?<\/strong><br \/>Isklju\u010divanjem kola\u010di\u0107a odlu\u010dujete da li ho\u0107ete dopustiti pohranjivanje kola\u010di\u0107a na va\u0161em ra\u010dunalu. Cookie postavke mogu se kontrolirati i konfigurirati u Va\u0161em web pregledniku. Ako onemogu\u0107ite kola\u010di\u0107e, ne\u0107ete mo\u0107i koristiti neke od funkcionalnosti na web stranicama<\/p>\r\n\r\n\r\n\r\n<p><strong>\u0160to su privremeni kola\u010di\u0107i?<\/strong><br \/>Privremeni kola\u010di\u0107i ili kola\u010di\u0107i sesije uklanjaju se s ra\u010dunala po zatvaranju internet preglednika. Pomo\u0107u njih web-mjesta pohranjuju privremene podatke, poput stavki u ko\u0161arici za kupnju.<\/p>\r\n\r\n\r\n\r\n<p><strong>\u0160to su stalni kola\u010di\u0107i?<\/strong><br \/>Stalni ili spremljeni kola\u010di\u0107i ostaju na ra\u010dunalu nakon zatvaranja programa internet preglednika. Pomo\u0107u njih web-mjesta pohranjuju podatke, kao \u0161to su ime za prijavu i lozinka, tako da se ne morate prijavljivati prilikom svakog posjeta odre\u0111enom mjestu. Stalni kola\u010di\u0107i ostat \u0107e na ra\u010dunalu danima, mjesecima, \u010dak i godinama.<\/p>\r\n\r\n\r\n\r\n<p><strong>\u0160to su kola\u010di\u0107i od prve strane?<\/strong><br \/>Kola\u010di\u0107i od prve strane dolaze s web-mjesta koje gledate, a mogu biti stalni ili privremeni. Pomo\u0107u tih kola\u010di\u0107a web-mjesta mogu pohraniti podatke koje \u0107e ponovo koristiti prilikom sljede\u0107eg posjeta tom web-mjestu.<\/p>\r\n\r\n\r\n\r\n<p><strong>\u0160to su kola\u010di\u0107i tre\u0107e strane?\u00a0<\/strong><br \/>Kola\u010di\u0107i tre\u0107e strane dolaze s reklama drugih web-mjesta (kao \u0161to su sko\u010dne ili druge reklame) koje se nalaze na web-mjestu koje gledate. Pomo\u0107u tih kola\u010di\u0107a web-mjesta mogu pratiti kori\u0161tenje Interneta u marketin\u0161ke svrhe.<\/p>\r\n\r\n\r\n\r\n<p><strong>Da li labrako.hr koristi kola\u010di\u0107e?\u00a0<\/strong><br \/>Da, kako bi Vam na\u0161e web stranice omogu\u0107ile bolje korisni\u010dko iskustvo.<\/p>\r\n\r\n\r\n\r\n<p><strong>Kakve kola\u010di\u0107e koristi labrako.hr i za\u0161to?<br \/><\/strong><br \/>Privremeni kola\u010di\u0107i (Session cookies) &#8211; to su privremeni kola\u010di\u0107i koji isti\u010du (i automatski se bri\u0161u) kada zatvorite internet preglednik.\u00a0<br \/>Trajni kola\u010di\u0107i (Persistent cookies) &#8211; ti obi\u010dno imaju datum isteka daleko u budu\u0107nost i tako \u0107e ostati u va\u0161em pregledniku, dok ne isteknu, ili dok ih ru\u010dno ne izbri\u0161ete. Mi koristimo trajne kola\u010di\u0107e kako bi bolje razumjeli navike korisnika, tako da mo\u017eemo pobolj\u0161ati web stranicu prema va\u0161im navikama. Ova informacija je anonimna &#8211; ne vidimo individualne podatke koriste.<\/p>\r\n\r\n\r\n\r\n<p><strong>Da li na web stranici ima kola\u010di\u0107a tre\u0107e strane?\u00a0<br \/><\/strong>Ima nekoliko vanjskih servisa koji korisniku spremaju limitirane kola\u010di\u0107e. Ovi kola\u010di\u0107i nisu postavljeni od strane ove web stranice, ali neki slu\u017ee za normalno funkcioniranje odre\u0111enih mogu\u0107nosti koje korisnicima olak\u0161avaju pristup sadr\u017eaju. Trenutno omogu\u0107ujemo:<\/p>\r\n\r\n\r\n\r\n<p><strong>Mjerenje posje\u0107enosti\u00a0<br \/><\/strong>Labrako.hr za mjerenje posje\u0107enosti koristi Google Analytics.\u00a0<br \/>Ako \u017eelite onemogu\u0107iti da vam navedeni servisi spremaju kola\u010di\u0107e, mo\u017eete zabraniti za svaki servis na sljede\u0107im linkovima:<br \/><strong>Google Analytics<\/strong>\u00a0&#8211; https:\/\/tools.google.com\/ dlpage\/gaoptout\u00a0<\/p>\r\n\r\n\r\n\r\n<p>Dodatne informacije oko isklju\u010divanja kola\u010di\u0107a\u00a0<br \/>Trenutno postoji nekoliko web stranica za isklju\u010divanje pohranjivanja kola\u010di\u0107a za razli\u010dite servise.<\/p>\r\n\r\n\r\n\r\n<p>Vi\u0161e se mo\u017eete informirati na sljede\u0107im linkovima:<\/p>\r\n\r\n\r\n\r\n<p>http:\/\/www.allaboutcookies. org\/<br \/>http:\/\/www.youronlinechoices. eu\/<\/p>\r\n","protected":false},"excerpt":{"rendered":"<p>Za\u0161tita podataka (politika privatnosti) Slanjem upita, potpisom ugovora ili neposrednim kontaktom, klijent je suglasan da tvrtki Labrako d.o.o. dobrovoljno stavlja na raspolaganje svoje i podatke trgova\u010dkog dru\u0161tva koje predstavlja ili zastupa. Klijent dozvoljava da se isti koriste u cilju za\u0161tite osobnih interesa u svim poslovima koje ugovara s Labrako d.o.o..\u00a0Labrako d.o.o. obavezuje se pru\u017eati za\u0161titu osobnim podacima kupaca, na na\u010din da prikuplja samo nu\u017ene, osnovne podatke o kupcima\/korisnicima koji su nu\u017eni za ispunjenje na\u0161ih obveza; informira kupce o na\u010dinu kori\u0161tenja prikupljenih podataka, redovito daje kupcima mogu\u0107nost izbora o upotrebi njihovih podataka, uklju\u010duju\u0107i mogu\u0107nost odluke \u017eele li ili ne da se njihovo ime ukloni s lista koje se koriste za marketin\u0161ke kampanje. Svi se podaci o korisnicima strogo \u010duvaju i dostupni su samo djelatnicima kojima su ti podaci nu\u017eni za obavljanje posla. Svi djelatnici tvrtke Labrako d.o.o. i poslovni partneri odgovorni su za po\u0161tivanje na\u010dela za\u0161tite privatnosti.\u00a0 Skupljanje i obrada osobnih<\/p>\n","protected":false},"author":1,"featured_media":0,"parent":0,"menu_order":0,"comment_status":"closed","ping_status":"closed","template":"","meta":[],"_links":{"self":[{"href":"https:\/\/labrako.hr\/home\/wp-json\/wp\/v2\/pages\/9081"}],"collection":[{"href":"https:\/\/labrako.hr\/home\/wp-json\/wp\/v2\/pages"}],"about":[{"href":"https:\/\/labrako.hr\/home\/wp-json\/wp\/v2\/types\/page"}],"author":[{"embeddable":true,"href":"https:\/\/labrako.hr\/home\/wp-json\/wp\/v2\/users\/1"}],"replies":[{"embeddable":true,"href":"https:\/\/labrako.hr\/home\/wp-json\/wp\/v2\/comments?post=9081"}],"version-history":[{"count":2,"href":"https:\/\/labrako.hr\/home\/wp-json\/wp\/v2\/pages\/9081\/revisions"}],"predecessor-version":[{"id":9491,"href":"https:\/\/labrako.hr\/home\/wp-json\/wp\/v2\/pages\/9081\/revisions\/9491"}],"wp:attachment":[{"href":"https:\/\/labrako.hr\/home\/wp-json\/wp\/v2\/media?parent=9081"}],"curies":[{"name":"wp","href":"https:\/\/api.w.org\/{rel}","templated":true}]}}