{"id":8855,"date":"2019-12-14T16:37:48","date_gmt":"2019-12-14T15:37:48","guid":{"rendered":"http:\/\/labrako.hr\/home\/?page_id=8855"},"modified":"2023-10-25T21:03:13","modified_gmt":"2023-10-25T19:03:13","slug":"opci-uvjeti","status":"publish","type":"page","link":"https:\/\/labrako.hr\/home\/opci-uvjeti\/","title":{"rendered":"Op\u0107i uvjeti kori\u0161tenja"},"content":{"rendered":"\r\n<p>Dobrodo\u0161li na na\u0161u web stranicu. Ovo su op\u0107i uvjeti kori\u0161tenja.<\/p>\r\n\r\n\r\n\r\n<p>Internetska stranica\u00a0<a href=\"http:\/\/www.labrako.hr\/\">www.labrako.hr<\/a>\u00a0je u vlasni\u0161tvu trgova\u010dkog dru\u0161tva Labrako d.o.o. (u daljnjem tekstu \u201eLabrako\u201c).Labrako omogu\u0107uje kori\u0161tenje usluga i sadr\u017eaja internetske stranice koje je regulirano Op\u0107im uvjetima kori\u0161tenja. Kori\u0161tenjem internetske stranice, krajnji korisnici iskazuju da se sla\u017eu s Op\u0107im uvjetima poslovanja i kori\u0161tenja te pristaju na kori\u0161tenje internetske stranice www.labrako.hr u skladu s njima.<\/p>\r\n\r\n\r\n\r\n<p><strong>KORI\u0160TENJE SADR\u017dAJA STRANICE\u00a0<\/strong><\/p>\r\n\r\n\r\n\r\n<p>Sve fotografije, slike te sadr\u017eaj\u00a0prikazan na stranici tvrtke\u00a0za\u0161ti\u0107en je i Labrako d.o.o. zadr\u017eava jedinstveno pravo na njegovo kori\u0161tenje.<\/p>\r\n\r\n\r\n\r\n<p>Zabranjeno je javno prikazivanje, preno\u0161enje, objavljivanje, mijenjanje, reproduciranje, distribuiranje, sudjelovanje u prijenosu ili prodaji, izradi kopija, otpremanju te svakoj drugoj vrsti uporabe cjelovitog sadr\u017eaja ovih stranica ili jednog njihovog dijela te odabir i uskla\u0111ivanje njihovog sadr\u017eaja bez izri\u010ditog pismenog dopu\u0161tenja tvrtke Labrako d.o.o.<\/p>\r\n\r\n\r\n\r\n<p><strong>AUTORSKO PRAVO<\/strong><\/p>\r\n\r\n\r\n\r\n<p>Sadr\u017eaj ove lokacije za\u0161ti\u0107en je autorskim pravom koje pripada tvrtki Labrako d.o.o. te\u00a0ova lokacija sadr\u017ei za\u0161titne znakove, imena pojedinaca i drugo sli\u010dno intelektualno vlasni\u0161tvo u posjedu gore navedene tvrtke.<\/p>\r\n\r\n\r\n\r\n<p>Labrako d.o.o. obvezuje se na poslovanje u skladu sa legitimnim zakonima va\u017ee\u0107im na podru\u010dju Republike Hrvatske.<\/p>\r\n\r\n\r\n\r\n<p><strong>\u00a0PODACI O PROIZVODIMA\u00a0<\/strong><\/p>\r\n\r\n\r\n\r\n<p>Podaci o proizvodima na stranici tvrtke Labrako sastavljeni su temeljem baze podataka istoimene tvrtke. Fotografije pojedinih proizvoda su ilustrativne prirode te ne moraju uvijek i u svim detaljima odgovarati proizvodima koji su predmet narud\u017ebe.\u00a0<\/p>\r\n\r\n\r\n\r\n<p><strong>IZUZE\u0106E OD ODGOVORNOSTI<\/strong><\/p>\r\n\r\n\r\n\r\n<p>Labrako\u00a0ne preuzima odgovornost za mogu\u0107e posljedice prilikom upotrebe Internet stranice\u00a0i njenog sadr\u017eaja te zadr\u017eava pravo izmjene sadr\u017eaja na Internet stranici bez prethodne obavijesti. Labrako\u00a0\u0107e nastojati prikazati najto\u010dnije i naja\u017eurnije informacije, tako da mogu\u0107e gre\u0161ke na stranici s obzirom na opise proizvoda, ponude i dr. ne isklju\u010duje i za njih ne preuzima nikakvu odgovornost.<\/p>\r\n\r\n\r\n\r\n<p>LABRAKO d.o.o.<\/p>\r\n","protected":false},"excerpt":{"rendered":"<p>Dobrodo\u0161li na na\u0161u web stranicu. Ovo su op\u0107i uvjeti kori\u0161tenja. Internetska stranica\u00a0www.labrako.hr\u00a0je u vlasni\u0161tvu trgova\u010dkog dru\u0161tva Labrako d.o.o. (u daljnjem tekstu \u201eLabrako\u201c).Labrako omogu\u0107uje kori\u0161tenje usluga i sadr\u017eaja internetske stranice koje je regulirano Op\u0107im uvjetima kori\u0161tenja. Kori\u0161tenjem internetske stranice, krajnji korisnici iskazuju da se sla\u017eu s Op\u0107im uvjetima poslovanja i kori\u0161tenja te pristaju na kori\u0161tenje internetske stranice www.labrako.hr u skladu s njima. KORI\u0160TENJE SADR\u017dAJA STRANICE\u00a0 Sve fotografije, slike te sadr\u017eaj\u00a0prikazan na stranici tvrtke\u00a0za\u0161ti\u0107en je i Labrako d.o.o. zadr\u017eava jedinstveno pravo na njegovo kori\u0161tenje. Zabranjeno je javno prikazivanje, preno\u0161enje, objavljivanje, mijenjanje, reproduciranje, distribuiranje, sudjelovanje u prijenosu ili prodaji, izradi kopija, otpremanju te svakoj drugoj vrsti uporabe cjelovitog sadr\u017eaja ovih stranica ili jednog njihovog dijela te odabir i uskla\u0111ivanje njihovog sadr\u017eaja bez izri\u010ditog pismenog dopu\u0161tenja tvrtke Labrako d.o.o. AUTORSKO PRAVO Sadr\u017eaj ove lokacije za\u0161ti\u0107en je autorskim pravom koje pripada tvrtki Labrako d.o.o. te\u00a0ova lokacija sadr\u017ei za\u0161titne znakove, imena pojedinaca i drugo sli\u010dno intelektualno<\/p>\n","protected":false},"author":1,"featured_media":0,"parent":0,"menu_order":0,"comment_status":"closed","ping_status":"closed","template":"","meta":[],"_links":{"self":[{"href":"https:\/\/labrako.hr\/home\/wp-json\/wp\/v2\/pages\/8855"}],"collection":[{"href":"https:\/\/labrako.hr\/home\/wp-json\/wp\/v2\/pages"}],"about":[{"href":"https:\/\/labrako.hr\/home\/wp-json\/wp\/v2\/types\/page"}],"author":[{"embeddable":true,"href":"https:\/\/labrako.hr\/home\/wp-json\/wp\/v2\/users\/1"}],"replies":[{"embeddable":true,"href":"https:\/\/labrako.hr\/home\/wp-json\/wp\/v2\/comments?post=8855"}],"version-history":[{"count":6,"href":"https:\/\/labrako.hr\/home\/wp-json\/wp\/v2\/pages\/8855\/revisions"}],"predecessor-version":[{"id":9493,"href":"https:\/\/labrako.hr\/home\/wp-json\/wp\/v2\/pages\/8855\/revisions\/9493"}],"wp:attachment":[{"href":"https:\/\/labrako.hr\/home\/wp-json\/wp\/v2\/media?parent=8855"}],"curies":[{"name":"wp","href":"https:\/\/api.w.org\/{rel}","templated":true}]}}